 of -k**7/2520 - k**5/30 - 7*k**2. Let g(c) be the third derivative of z(c). What is g(-3)?
6
Let i(x) = 6*x - 17. Let o(p) = 3*p - 9. Let a be 3/(2 - -1) + 15. Suppose q + 2*u = 1, q = 4*u - a + 5. Let l(c) = q*i(c) + 5*o(c). What is l(5)?
-9
Let r(x) be the first derivative of 1/3*x**3 + 5/2*x**2 + 4 + 6*x. Determine r(-5).
6
Let p(z) = -3*z + 6. Suppose 25 = 4*g - t, -2*g = -3*g + t + 10. Let f = 9 - g. Determine p(f).
-6
Let c(d) = d**2 - 2*d + 3. Let k be c(6). Let z be 141/k - (-2)/(-9). Let b(s) = 2 + s**2 - 6*s - 1 - 4. Determine b(z).
-8
Suppose -4*a + 3*t + 47 = 0, a = 3*t + 5 + 18. Let f(d) = -a*d**3 + 0*d**3 + d**3. Suppose 3 + 1 = 4*x. Calculate f(x).
-7
Let s(i) = -i**2 + 5*i + 5. Suppose 30 = 5*o + o. Give s(o).
5
Let j(b) = -b**3 + b**2 + 2*b + 1. Suppose -x + 20 = -3*x. Let s be 15/x*4/3. Determine j(s).
9
Let i(h) = h + 2 - 2*h + 2. Suppose c = -0*c. Determine i(c).
4
Let m(c) = c**2 - 5*c + 1. Let w(g) be the first derivative of 2*g**2 - 7*g - 1. Let s be w(3). Determine m(s).
1
Let f be ((-2)/4)/((-1)/(-8)). Let h(j) be the first derivative of -j**2 - 2*j + 10. What is h(f)?
6
Let c(f) be the third derivative of 0 + 1/12*f**4 + 1/6*f**3 - 1/60*f**5 + 0*f - 4*f**2. Let g(x) = -x + 2. Let k be g(0). Determine c(k).
1
Let i = -10 + 7. Let x be -2 - -2*1 - 8. Let s = i - x. Let g(m) = -m**2 + 3*m + 3. Determine g(s).
-7
Let a(l) = 2*l**3 - 2*l**2 - 2. Suppose 5*r - 45 = 2*q, -4*q + 39 = 5*r - 6. Let b = -7 + r. Give a(b).
6
Let n(o) = 2 + o**3 - 6*o + 4*o**2 + 0 - 4. Let v(m) be the first derivative of -m**2/2 - 9*m + 5. Let x be v(-4). Give n(x).
3
Let f(a) = -a**3 - a**2 - a. Let z be ((-6)/2)/(1 + -2). Let p(v) = 2*v**3 - 3*v**2 + v - 6. Let b(o) = z*f(o) + p(o). Give b(-6).
6
Let i(p) = 5*p**2 + 2*p - 4. Let u(y) = -y**2 - y. Let z(h) = -h**3 + 3*h**2 - h - 1. Let x be z(2). Let r(w) = x*i(w) + 6*u(w). Calculate r(-4).
-4
Let b(a) = 3383*a - 3379*a - 1 - a**2 + 0*a**2. What is b(2)?
3
Let n(d) be the first derivative of d - 5/2*d**2 - 1 + 1/3*d**3. Calculate n(6).
7
Let d(w) be the third derivative of -w**4/8 + 4*w**2. Calculate d(1).
-3
Let g(h) = -h + 9. Let p = -104 + 111. Determine g(p).
2
Let c(r) = 2*r - 6. Let b(h) = -5*h + 1. Let s(n) = 15*n - 3. Let f(g) = -17*b(g) - 6*s(g). Let o be f(-1). Give c(o).
6
Let y be (-3)/12 + (-15)/(-12). Let t(d) = -3*d - 1 - y + 2*d. Determine t(2).
-4
Let p(a) = -5*a**3 - 5*a**2 - a + 4. Let b(j) = 4*j**3 + 4*j**2 + j - 3. Let r(w) = 6*b(w) + 5*p(w). Calculate r(-2).
4
Suppose -3*r = -r. Let s(u) = -u**2 - 6. Calculate s(r).
-6
Let s(z) be the second derivative of z**5/20 + 7*z**4/12 - 5*z**3/3 - 5*z**2 + 9*z. Calculate s(-8).
6
Let t(q) = -q**2 - 6*q + q**2 + 5 + q**2. Suppose r + r - 12 = 0. Calculate t(r).
5
Let y(m) = 3*m**2 + 4*m - 9. Let s(c) = 4*c**2 + 3*c - 9. Suppose -4*k = -9*k + 20. Let g(b) = k*s(b) - 5*y(b). Calculate g(6).
-3
Suppose -n + 5 = 3. Let q(j) = -3 - 4*j**n + 2*j - 3 + 0*j**3 + 4*j - 4*j**3. Let d(c) = 3*c**3 + 3*c**2 - 5*c + 5. Let a(t) = 5*d(t) + 4*q(t). Give a(1).
-2
Let d(l) = 22*l**2 - 4*l**2 + l**3 - 9*l**2 - 8*l + 4 - 2*l**2. Determine d(-8).
4
Let n(x) = -17*x**2 + 2*x**3 + 17*x**2 + 1. Let i = -4 - -3. Determine n(i).
-1
Let s(a) = -a**2 + a + 5. Let v(z) = -z**3 + 5*z**2 + z - 2. Let d be v(5). Suppose d*w = -12, -2*n = -5*n + 2*w + 8. Calculate s(n).
5
Let k(v) be the first derivative of v**3/3 + 3*v**2/2 - 2*v - 55. Calculate k(-5).
8
Let b(f) = -3*f - 3 + 2*f - 3*f**2 + 0*f**3 + 8*f**2 - f**3. Determine b(5).
-8
Suppose 4*d = -2*t + 5 - 1, 3*t + 16 = 5*d. Let y = 2 - t. Suppose -4*v = -4*g - v - 32, 0 = -y*g + 2*v - 28. Let w(n) = -n**2 - 4*n - 4. What is w(g)?
-9
Let u(f) = -f**3 + f**2 - f - 25. Let h be u(0). Let b = 20 + h. Let i(q) = q**3 + 7*q**2 + 7*q. Calculate i(b).
15
Let u(n) = n**2 + n - 12. Suppose -2*w + 2 = 0, 2*f + 3*w + 0*w - 3 = 0. Determine u(f).
-12
Let p be (-1 - -7 - 4)/(-1). Let b(k) = -k**2 + 3*k + 2. Calculate b(p).
-8
Let x = -8 + 3. Let v(k) be the first derivative of -k**4/4 - 2*k**3 - 5*k**2/2 + 6*k + 175. Give v(x).
6
Suppose 1 + 14 = 5*a. Let x(v) = a*v - 4*v**2 + 1 + 1 - 3*v**3 - 4*v + 2*v**3. Calculate x(-3).
-4
Let q(g) = g**3 - 6*g**2 - g + 3. Let d(n) = n**3 - n**2 + 2*n - 1. Let y be d(2). Suppose -2*x + y = -m, 5*x + m - 2*m - 25 = 0. Calculate q(x).
-3
Let t(q) = -q**2 - 3*q - 1. Suppose 4 - 19 = 5*b. Calculate t(b).
-1
Let a(o) = o**2 + 3*o - 5. Let s = 5 - 2. Suppose -3*m - 28 = 4*d - 0*m, s*m + 16 = -d. Determine a(d).
-1
Let b(d) be the second derivative of d**5/20 - d**4/12 - d**3/6 + d**2 - 14*d. Calculate b(0).
2
Let p(h) = h**2 - 2*h. Let s be p(2). Let u be 11/(-2 - (-7 - -4)). Suppose c + 0*q - 5*q + 9 = s, -u = 2*c - 3*q. Let d(k) = k + 2. What is d(c)?
-2
Let d(u) = 7*u**2 + 2*u - 1. Let m be (((-2)/2)/(-2))/(11/22). Calculate d(m).
8
Let m be ((-1 - -10)/3)/1. Let h(c) = c**2 + 4 + 0*c + 2*c**m - c - 3 + 2*c. Give h(-2).
-13
Let j = 7 + -10. Let n = -5 - j. Let b(d) = -2*d**2 - 2*d + 1. Give b(n).
-3
Let h(u) = -2*u + 2*u + u - 5. What is h(4)?
-1
Let l(v) be the first derivative of v**2/2 - 6*v - 5. Let t(c) = c + 40. Let z be t(0). Suppose 5*h = 2*h - 3*q, 3*q = 5*h - z. Determine l(h).
-1
Let p(o) be the second derivative of o**5/20 + o**4/4 - 2*o**3/3 + o**2/2 - 21*o. What is p(-4)?
1
Let p(v) be the first derivative of -v**4/4 - 8*v**3/3 + v**2/2 - 8*v + 36. What is p(-8)?
-16
Let c(k) = -4*k**3 - k**2 - 2*k - 2. Let x be c(-1). Suppose -4*i - 2*o = 3*o + 9, -x*o + 5 = 5*i. Let y(b) = 2*b**2 - 4*b - 3. Calculate y(i).
13
Let g(k) = k**2 - 1 - 1 + 6 - 5*k. Let z = -38 - -44. Calculate g(z).
10
Let q(g) be the first derivative of -g**4/4 - 4*g**3/3 + 5*g**2/2 - 6*g + 6. Determine q(-5).
-6
Let x be (-1 + 5)*2/4. Let w(d) = 0*d - d**2 - 3*d + 8 + x*d + d**3. Let g = -13 - -13. Calculate w(g).
8
Let f(g) = 5*g**3 + 3*g**2 + 15*g - 1. Let a(j) = 3*j**3 + 2*j**2 + 8*j - 1. Let d(b) = -7*a(b) + 4*f(b). Give d(-3).
0
Let n(y) = y - 3. Let g be n(8). Let x(i) be the third derivative of i**4/24 - i**3/3 - i**2. Let w(d) = 4*d - 8. Let u(c) = 6*w(c) - 22*x(c). Calculate u(g).
6
Suppose 0 = -3*r + 45 - 9. Suppose -5*v + r = -2*v. Let a(w) = w - 3. Calculate a(v).
1
Let m(n) = -22*n + n**2 - 1 + 2*n**2 + 20*n. Give m(-2).
15
Let y(w) = -w**2 - 6*w - 6. Let u be y(-4). Let b(l) = l - 5*l**2 + 2*l - u*l. What is b(1)?
-4
Let w(l) = l - 6. Let d(q) = 2*q - 7*q + 5 + 2*q + 2*q. Let u(h) = 3*d(h) + 2*w(h). Give u(6).
-3
Let f be 20/6 + (-6)/(-9). Let a(b) = 2*b + f + 0*b - b. Give a(-4).
0
Suppose -4 = f, 0 = 5*y + f - 1. Let o be y + (-1 - 0)*1. Let q(a) = 3*a + o*a + 2 - 6. Calculate q(3).
5
Let v(i) = i. Let y = 7 + -19. Let c be (0 + 0)/(-11 - y). Determine v(c).
0
Let f(p) = -p**3 + 4*p**2 + 2*p - 3. Let n(j) = -j**3 - 4*j**2 + 3. Let d be n(-4). Determine f(d).
12
Suppose -3*z = -0*z - 6. Let y(q) = 5*q**z - 2*q**3 + 3*q**3 + 0*q**3 + 0*q**2. Give y(-5).
0
Let c(q) = -q**2 + 12*q + 3. Let d be c(12). Let o = 0 + d. Let y(p) = -5*p**3 + 4*p**3 + p + o*p + 1 + 4*p**2. Give y(5).
-4
Let b(s) be the second derivative of s**8/6720 - s**7/1260 + s**6/180 - s**5/60 - 5*s**4/12 + 3*s. Let v(d) be the third derivative of b(d). What is v(2)?
6
Let s be -2*(-5)/(-75) - (-118)/(-15). Let u(d) = d**3 + 7*d**2 - 6*d + 10. Determine u(s).
-6
Suppose -2*m + 3 + 5 = 0. Suppose -2 = -m*v + 2*v. Let l(t) = -2*t + 1. Let d(c) = 4*c - 2. Let b(x) = -3*d(x) - 5*l(x). Give b(v).
-1
Suppose -h - 1 = 2. Let y(j) be the first derivative of j**4/4 + 2*j**3/3 - 2*j**2 - j + 3. What is y(h)?
2
Suppose -9 = -4*o + 7. Let m(s) = -o + s - s - s. Let k be 0 - -2*(-1 - 2). Determine m(k).
2
Let o(w) = w**2 - 2*w. Suppose 5*l - 18 = 3*m, 3*m - 5*l + 11 = 7*m. Let d = m + 4. Calculate o(d).
3
Suppose -10 = v - 3*v. Let c(m) = 4*m**3 + 4*m**2 + 5*m + 4. Let y(z) = 6*z**2 + 4 - 2*z + 7*z + 5*z**3 - 2*z**2. Let l(p) = v*y(p) - 6*c(p). What is l(5)?
-4
Let c(i) = -i + 1. Suppose -3*n + 5*g = -10, 2 = -5*n - 4*g - 6. Let m = 3 - n. What is c(m)?
-2
Suppose 4 = -5*o + 19. Let n(g) = -g**3 + 4*g**2 - 2*g - 2. What is n(o)?
1
Let x(k) = 3*k - 1. Suppose -5*n + 18 = -2*g, 3*n = -0*g - 4*g - 10. Let t be g/(-10)*(-10 - -5). What is x(t)?
-7
Suppose 4*x - 4 = -5*a + 2, -a + 2*x = 10. Let u(f) = 3*f**3 + 3*f**2 + 3*f + 3. Give u(a).
-15
Let a(